 What are the prime factors of v(y)?
2, 3, 11
List the prime factors of 378533/23 - (-311)/7153.
2, 3, 13, 211
Let v(d) be the third derivative of -11*d**4/24 - 8*d**3/3 - 370*d**2. Let h be (-4 - -2)/(1/2). List the prime factors of v(h).
2, 7
Let y(a) = 5141*a**2 - 48*a + 144. What are the prime factors of y(3)?
3, 53, 97
Let t = -380 - -93. List the prime factors of 1 + 0/(-1) - t.
2, 3
Suppose -z + i = z + 75, 3*z + 115 = 2*i. Let r = -28 - z. Let c(n) = -n**3 + 8*n**2 - 5*n + 8. What are the prime factors of c(r)?
2, 11
Let h(b) = 2*b**2 - 14*b + 16. Let j be h(10). Let m = -54 + j. Suppose -m = -3*u + 95. What are the prime factors of u?
3, 13
Suppose -112*w - 267988 = -148*w + 592304. What are the prime factors of w?
23, 1039
Suppose 4*c - 94504 = -2*x, 25752 = c - 5*x + 2137. Suppose 0 = -35*m + c + 6825. What are the prime factors of m?
2, 3, 5, 29
Let t = 11723 - 6281. List the prime factors of t.
2, 3, 907
Let x be (40285/70)/(1/2). Let i = x + -769. What are the prime factors of i?
2, 191
Let x(t) = t**2 - 10*t + 11. Let p(k) = 48*k**3 + k**2 + k. Let w be p(-1). Let l = w + 64. List the prime factors of x(l).
107
Let h(n) = n**3 + 14*n**2 + 13*n + 9. Suppose 77 = -5*p - 3*i, -4*p - 5*i - 64 = -2*i. Let l be h(p). Let s = l + 36. What are the prime factors of s?
3, 5
Suppose -2*r = 2*r - m - 106, -4*m - 34 = -r. Let p = -10 + r. What are the prime factors of (-2)/p + 243/24?
2, 5
Suppose 3*j + 2*b - 2831 = 6930, -3*b + 12 = 0. List the prime factors of j.
3251
Let c = -229 - -231. Suppose -83 = -c*m + 81. List the prime factors of m.
2, 41
Let g = -9308 + 14081. What are the prime factors of g?
3, 37, 43
What are the prime factors of -927*((-90)/(-18))/(-4 - -3)?
3, 5, 103
Let w = -22478 - -24449. List the prime factors of w.
3, 73
Let h(g) = -18*g - 12. Let r be h(7). Let b = r + 341. Suppose b = o - 21. List the prime factors of o.
2, 7
Suppose 2*p - 10 = 0, 3*p - 11 = 21*i - 19*i. Suppose -4*z + 5*z + i*k - 581 = 0, 3*k = 2*z - 1162. What are the prime factors of z?
7, 83
Let r be ((-8)/(-3))/((-4)/(-42)). Let h = 5396 - 5382. Suppose 3*m = h + r. List the prime factors of m.
2, 7
List the prime factors of (0 + 43872/(-20))/((24/(-10))/12).
2, 3, 457
Let l be (-30)/4*6/(-30)*10. Let k = -10 + l. Suppose -k = -4*s + 571. What are the prime factors of s?
2, 3
Let o be (40 + 4)*(-5)/(-4). Suppose -4*x - 90 = -2*r, -x = 3*r - 0*x - 142. Let c = o - r. List the prime factors of c.
2
Suppose -5*p = -s + 224, -14 = -4*s + 2. List the prime factors of p*44/(-32)*6.
3, 11
Suppose -14*u = -30004 - 27192 + 9190. What are the prime factors of u?
3, 127
Suppose 4*x - 299116 = -3*m, -x + m + 43003 = -31769. List the prime factors of x.
2, 13, 719
Let s = -14914 + 37571. List the prime factors of s.
139, 163
Let k(j) = -j - 13. Let l be k(4). Let c = 19 + l. Suppose 3*m - 281 = -4*o, -2*m + 360 = 2*m - c*o. What are the prime factors of m?
7, 13
Suppose 1025 = 5*x + 4*v, -440 - 175 = -3*x + 2*v. Suppose -o + 5*r = x, 3*r + 211 = -o + 6*r. Let k = -79 - o. List the prime factors of k.
3, 47
Suppose -g + x + 66 = 0, -4*x - 75 = -2*g + 57. Let p = 114 - g. List the prime factors of ((-32)/p)/(0 + 2/(-564)).
2, 47
Suppose 15 = 3*z + a, 2*z + 4*a + 5 = 15. Suppose -4*o - 2*m + 103 = -541, 5*o = -z*m + 795. What are the prime factors of o?
163
Let a be (1 - -2) + -3 - -6. Let f = 54 - -35. Suppose 3*j - a = -u + f, 4*j + u = 127. What are the prime factors of j?
2
Suppose 2*k - 4*h = 160, 4 - 14 = 5*h. Let z = k - -579. What are the prime factors of z?
5, 131
Let w = -1401 - -33329. What are the prime factors of w?
2, 13, 307
Suppose 23 = j - 2*u + 11, 5*u - 6 = -2*j. Suppose -12576 = -8*g - j*g. List the prime factors of g.
2, 3, 131
Let r(s) = 2*s**3 + 6*s**2 - 12*s - 2. List the prime factors of r(14).
2, 17, 191
Let l = -27928 + 41168. What are the prime factors of l?
2, 5, 331
Let y = 9897 + -83. List the prime factors of y.
2, 7, 701
Let v = -24419 + 63162. List the prime factors of v.
17, 43, 53
Suppose -19*d + 6*d = -2*d - 141636. What are the prime factors of d?
2, 3, 29, 37
Let x be (1 - -3)*-1 + 1 + -3211. What are the prime factors of -3*(-1)/(-21) - x/7?
3, 17
Let x = 22471 - 16096. List the prime factors of x.
3, 5, 17
Let n be (145/25 - 5)/(16/3240). Suppose -423*d = -417*d - n. List the prime factors of d.
3
Let b(o) = 1181 + 11*o - 20*o**2 + 32*o**2 - 13*o**2. List the prime factors of b(0).
1181
Let s be 6/(-24) + 1970/8. Suppose -2*p - 2*k + 20 = 0, -3*p - 4*k + 50 = 16. Suppose -1356 + s = -p*z. What are the prime factors of z?
5, 37
Let r(q) = q**2 - 4*q - 3. Let o be r(4). List the prime factors of -2 - (-131)/(4 + o).
3, 43
Let w(p) = -2*p - 22. Let v be w(-10). Let m be 1*5/10 - 9/v. Suppose 0 = -m*r + 519 + 366. What are the prime factors of r?
3, 59
Let a = 137 + -133. Suppose 1 = -j - 4*m, -j + 3*j = -a*m + 2. List the prime factors of j.
3
Suppose -3*c + 78 = -3*d, 4*d - 2*c + 109 = 3*c. Let y(p) = -5*p + 23. Let t be y(d). Let w = t + -22. List the prime factors of w.
2, 53
List the prime factors of 297620/25 - (-10)/50.
5, 2381
Let v(y) = 2*y**3 - 11*y**2 + 53*y - 885. List the prime factors of v(29).
3, 59, 227
List the prime factors of -5*(3732885/75)/(-9).
3, 13, 709
Let s = -8650 - -17024. What are the prime factors of s?
2, 53, 79
Let z = -4147 - -2401. Let y = z - -2641. What are the prime factors of y?
5, 179
Let x(t) = -27*t**3 + 5*t**2 - 3*t + 5. Let b be x(-5). Let j(o) = o**3 - 46*o**2 - 94*o - 92. Let n be j(48). What are the prime factors of n/(-18) + b/45?
2, 3, 13
Suppose 111*o = 106*o + 5*g + 101455, 20277 = o - 3*g. What are the prime factors of o?
2, 3, 17, 199
Let d be (-30)/(-195) - ((-22297)/(-13) + 3). Let s = d - -2943. What are the prime factors of s?
5, 7
Suppose -5*b + b = -2*b. Suppose -2 + b = 2*u + 4*q, -u - q = -2. Suppose -u*g = 41 - 221. List the prime factors of g.
2, 3
Let h(k) = 83*k**3 + 4*k**2 - 4*k - 79. List the prime factors of h(4).
5281
What are the prime factors of (3 - 1/1) + -7 - (-37884)/11?
19, 181
Suppose -4 = -33*y - 4. Suppose 2*g - 121 + 837 = m, y = 5*m + 6*g - 3516. What are the prime factors of m?
2, 3, 59
Let h(d) = -14 + 26*d - 9*d**2 - 16 - 2*d**3 + 12 + 59. List the prime factors of h(-10).
881
Let i be 4 + (-1 - -2) + (-52 - 27). Let l(h) = -34*h**2 + 2. Let w be l(-2). Let o = i - w. List the prime factors of o.
2, 3, 5
Let m = 280 + -303. List the prime factors of (60/4)/((-1)/m).
3, 5, 23
Let g(b) = 1300*b + 4549. What are the prime factors of g(30)?
11, 37, 107
Suppose -180 = -5*p - t, 1 + 19 = p - 3*t. Let i = 38 - p. Suppose 5*z = -2*m + 210, 0 = -3*m - i*z - 2*z + 305. List the prime factors of m.
5, 19
Suppose n + 19175 = 74*i - 72*i, 5*i - 47941 = -n. List the prime factors of i.
2, 3, 17, 47
Suppose -i + 7898 = -79*s + 75*s, -23694 = -3*i - 5*s. List the prime factors of i.
2, 11, 359
Let w(m) = 33*m - 16. Let z(y) = 2*y**2 + 6*y + 4. Let a(k) = k**2 - k - 2. Let u(o) = a(o) - z(o). Let j be u(-2). What are the prime factors of w(j)?
2, 29
Suppose 1116 = 6*u - 528. Let h = 222 + u. What are the prime factors of h?
2, 31
Let q(b) = b**3 + b + 10. Let c be 8/14*(-399)/(-6). Let f = c + -35. List the prime factors of q(f).
2, 5
Let u(o) = 4*o**3 - 17*o**2 + 48*o + 26. List the prime factors of u(14).
2, 43, 97
Let m(q) be the first derivative of -q**3/3 - 13*q**2 - 33*q - 25. List the prime factors of m(-7).
2, 5
Let n(r) = -2*r + 65. Let s be n(0). Suppose 5 + s = 5*u. List the prime factors of ((-68)/(-10))/(3 - u/5).
2, 17
Let o(n) = -n**2 + 24*n - 72. What are the prime factors of o(19)?
23
Let u = -299 - -304. Suppose -813 = -3*f + h, -u*f = -f - 2*h - 1084. List the prime factors of f.
271
List the prime factors of (0 + -512)/(33/6864*-16).
2, 13
Let l(r) = 535*r + 832. What are the prime factors of l(26)?
2, 3, 7, 13
Let q = 37938 + -24299. List the prime factors of q.
23, 593
Let b(l) = -6*l + 157. Let r be (-11)/(((-10)/(-20))/(1/(-2))). List the prime factors of b(r).
7, 13
Let t = -1219 - -1763. Suppose -17*f + 3842 = t. What are the prime factors of f?
2, 97
Let f be 12*(2 + -1)/(9 - 8). Suppose -f*p + 12 = -6*p. What are the prime factors of p - (-15)/2*90/9?
7, 11
Suppose 3*k = -j + 15046, -2*j + 6513 = k + 1496. What are the prime fact